?
-56
Let d(a) = -6*a**3 - 373*a**2 - 60*a + 138. Determine d(-62).
14
Let v(g) = g**2 + 59*g - 1580. Calculate v(-79).
0
Let b(w) = -100*w**3 - 3*w**2 + 125*w + 122. Calculate b(-1).
94
Let p(s) = s**3 + 70*s**2 - 57*s - 3. Give p(0).
-3
Let u(g) = 2*g**3 + 79*g**2 + 756*g - 481. Determine u(-20).
-1
Let t(r) = 537*r + 3268. What is t(-6)?
46
Let j(r) = r**2 - 1594*r - 50350. Determine j(-31).
25
Let k(o) = 263*o**3 - 4211*o**2 + 49*o - 18. Calculate k(16).
-2
Let n(i) = 11*i**2 + 7701*i + 304644. Give n(-658).
-10
Let f(b) = -481170*b - 12029233. Calculate f(-25).
17
Let l(m) = 5737*m + 413095. What is l(-72)?
31
Let n(t) = -2415*t - 6849. What is n(-3)?
396
Let u(q) = -q**3 + 359*q**2 - 356*q + 248. Calculate u(358).
964
Let u(a) = -24*a**2 + 146*a + 429. What is u(-3)?
-225
Let a(k) = -6*k**2 + 440*k + 23402. Determine a(109).
76
Let n(q) = 12*q**2 - 1764*q - 29134. Give n(-15).
26
Let z(s) = -25*s**3 + 193*s**2 + 80*s - 168. Give z(8).
24
Let a(g) = -1920317*g + 23043807. Give a(12).
3
Let y(w) = w**3 - 10*w**2 - 321*w + 2679. Calculate y(8).
-17
Let f(p) = 2*p**3 + 63*p**2 + 334*p - 5. Give f(-6).
-173
Let z(o) = 33981*o + 339823. What is z(-10)?
13
Let j(u) = -425*u + 20791. Determine j(51).
-884
Let o(j) = j**2 + 67*j + 708. Calculate o(-50).
-142
Let k(z) = 2*z**2 - 1987*z - 15989. Determine k(-8).
35
Let z(u) = -8325*u + 174758. Calculate z(21).
-67
Let m(d) = -d**3 + 141*d**2 + 1143137*d - 5017. Calculate m(-1001).
-12
Let a(g) = -4400*g + 13251. Give a(3).
51
Let z(y) = -y**2 + 2276*y - 42860. Determine z(19).
23
Let g(v) = -2*v**3 - 19*v**2 + 149*v - 124. Calculate g(-13).
-878
Let u(z) = -z**2 + 172*z + 68068. What is u(363)?
-1265
Let t(o) = 851*o + 24179. Give t(-28).
351
Let s(w) = -181*w**2 - 1250*w + 2. What is s(-7)?
-117
Let g(w) = 525*w + 55033. Determine g(-105).
-92
Let t(a) = -a**3 - 92*a**2 - 181*a - 47. Give t(-90).
43
Let i(s) = s**3 - 28*s**2 - 617*s - 411. Determine i(-14).
-5
Let s(l) = 121*l**2 + 148*l + 150. Calculate s(-1).
123
Let n(d) = 4548*d - 35893. Calculate n(8).
491
Let w(d) = -1081*d - 441058. What is w(-408)?
-10
Let t(o) = 2*o**2 + 24*o - 32179. What is t(121)?
7
Let j(d) = -d**3 + 206*d**2 + 3542*d + 2229. What is j(222)?
9
Let x(a) = 200*a + 14367. Calculate x(-72).
-33
Let l(m) = -4*m**2 - 71*m - 486. Give l(-25).
-1211
Let t(l) = 28*l**2 - 45*l - 1042. Determine t(0).
-1042
Let a(n) = -211*n**3 - 4215*n**2 + 102*n + 46. What is a(-20)?
6
Let v(f) = 3810*f - 5604472. Calculate v(1471).
38
Let g(c) = c**2 + 4079*c + 1315294. Determine g(-353).
16
Let f(z) = -8*z**2 - 20023*z + 40085. Calculate f(2).
7
Let w(q) = 312*q**2 + 1624*q - 4. Calculate w(-5).
-324
Let j(h) = -h**3 + 9*h**2 + 136*h - 135. Give j(16).
249
Let s(a) = 2147*a - 145958. Calculate s(68).
38
Let g(b) = -4*b**2 + 1037*b - 3402. Determine g(256).
-74
Let x(c) = 366*c + 25601. Calculate x(-70).
-19
Let f(u) = u**3 + 57*u**2 + 767*u - 275. What is f(-23)?
70
Let y(x) = -2*x**2 - 3321*x + 1192127. What is y(-1964)?
-21
Let m(b) = b**3 + 54*b**2 - 111*b + 247. What is m(-56)?
191
Let j(x) = 20071*x + 381347. Determine j(-19).
-2
Let d(y) = y**2 + 87*y + 1574. Calculate d(-69).
332
Let c(i) = -15*i**2 + 45*i + 2315. Calculate c(-10).
365
Let r(h) = 16117*h - 48358. Give r(3).
-7
Let b(u) = 1347*u + 839271. Give b(-623).
90
Let u(d) = 184401*d - 553217. Determine u(3).
-14
Let z(n) = -2*n**2 + 99*n + 4076. Determine z(76).
48
Let q(u) = -u**3 + 11*u**2 + 21375*u - 128457. Determine q(6).
-27
Let h(f) = -4*f**2 - 278*f + 400. Calculate h(-69).
538
Let u(f) = 132*f**3 - f**2 - 310*f + 627. Calculate u(2).
1059
Let d(h) = 2*h**3 - 73*h**2 + 103*h - 357. Give d(35).
-427
Let b(j) = -2*j**2 - 13142*j + 263607. Give b(20).
-33
Let l(f) = f**2 + 1900*f - 28737. Determine l(15).
-12
Let b(r) = r**3 + 436*r**2 - 17868*r + 68255. Determine b(-474).
-1
Let v(c) = 27660*c - 2766000. Calculate v(100).
0
Let c(z) = -4*z**2 + 485*z + 52416. Calculate c(-69).
-93
Let q(f) = -2163*f - 237845. What is q(-110)?
85
Let m(z) = z**2 - 163*z + 5496. Give m(116).
44
Let f(l) = -l**3 + 33*l**2 - 378*l + 17125. Calculate f(36).
-371
Let t(v) = -v**3 + 80*v**2 + 48*v - 2815. Give t(80).
1025
Let y(i) = 591*i**2 - 54370*i - 190. Calculate y(92).
-6
Let a(k) = -k**3 - 40*k**2 - 198*k - 4500. Determine a(-38).
136
Let f(p) = 6*p**2 + 2328*p - 2327. Give f(1).
7
Let c(z) = -2*z**3 + 270*z**2 - 6152*z + 128. Determine c(29).
12
Let f(s) = -s**3 + 152*s**2 - 2403*s - 1186. Give f(134).
20
Let w(p) = 6432*p - 6302. Calculate w(1).
130
Let w(x) = 25*x**2 + 1116*x + 662. Calculate w(-44).
-42
Let z(f) = f**2 - 194*f + 10117. Determine z(76).
1149
Let m(z) = 3042*z + 295208. Determine m(-97).
134
Let k(p) = -330*p + 51496. What is k(150)?
1996
Let t(f) = -78142*f + 547012. Give t(7).
18
Let i(t) = t**2 - 469*t + 23584. Calculate i(412).
100
Let p(i) = 2*i**3 + 5*i**2 - 398*i + 1592. Give p(4).
208
Let y(i) = -i**3 + 420*i**2 - 1789*i + 51996. Determine y(416).
-4
Let n(h) = -h**2 + 133*h - 4343. Calculate n(51).
-161
Let k(d) = -10566*d - 17. Determine k(0).
-17
Let j(w) = w**3 - 196*w**2 + 1864*w - 836. Determine j(186).
-92
Let f(q) = q**2 - 4640*q - 79197. Give f(-17).
-28
Let n(i) = 13614*i + 204030. Calculate n(-15).
-180
Let w(z) = z**2 + 5537*z - 66476. Give w(12).
112
Let h(v) = 3*v**3 + 703*v**2 + 242*v + 1866. Calculate h(-234).
-6
Let q(v) = v**2 - 320*v + 2578. Give q(8).
82
Let b(j) = -j**3 + 205*j**2 + 215*j - 1204. Calculate b(206).
650
Let d(s) = -s**2 + 226*s + 9415. What is d(-36)?
-17
Let k(l) = -l**3 + 8*l**2 + 29*l - 56. Give k(13).
-524
Let k(i) = 1702*i - 73174. Determine k(43).
12
Let u(y) = -y**3 - 2469*y**2 - 11720*y + 1478388. Calculate u(-2464).
-12
Let c(f) = 62*f**2 + 6526*f - 32609. What is c(5)?
1571
Let i(c) = c**3 - 14*c**2 - 49*c + 30. Give i(12).
-846
Let y(u) = 7976*u + 95642. Give y(-12).
-70
Let f(y) = 3083*y + 212750. What is f(-69)?
23
Let b(z) = 47*z**3 + 17*z**2 - 120*z + 104. What is b(1)?
48
Let x(b) = 8755*b**2 + 7608098*b + 2612. What is x(-869)?
5
Let w(x) = 80*x**2 - 443*x + 172. What is w(5)?
-43
Let v(k) = 56*k**3 + 42*k**2 + 26*k - 248. Calculate v(4).
4112
Let m(t) = 258*t - 50025. Give m(195).
285
Let y(l) = l**3 + 27*l**2 + 3156*l + 89169. Calculate y(-28).
17
Let d(l) = -228*l - 34. What is d(-6)?
1334
Let f(c) = 7*c**2 + 221*c - 8434. Determine f(-54).
44
Let p(c) = 2*c**3 - 43*c**2 - 5840*c - 27869. Give p(-5).
6
Let h(t) = -2*t**2 + 3880*t + 708326. What is h(-168)?
38
Let r(o) = 74*o - 4452. Give r(64).
284
Let j(m) = -m**3 + 281*m**2 - 103*m - 49667. What is j(280)?
-107
Let y(q) = -153*q**3 - 6*q**2 + 473*q + 470. What is y(-1)?
144
Let a(x) = 84*x - 11221. Give a(134).
35
Let s(q) = 544*q + 3423. What is s(-5)?
703
Let t(d) = -2*d**2 + 3576*d - 214006. Calculate t(62).
18
Let f(v) = -29*v**2 - 327*v - 823. What is f(-4)?
21
Let r(i) = -22097*i + 110482. What is r(5)?
-3
Let v(u) = -u**2 + 248*u - 16352. Calculate v(109).
-1201
Let l(x) = 12*x**2 - 35*x - 143. What is l(-5)?
332
Let b(u) = -108566*u - 1519943. What is b(-14)?
-19
Let m(k) = 9*k**3 - 55*k**2 - 46*k + 15. What is m(7)?
85
Let s(c) = -61*c - 6746. Calculate s(-103).
-463
Let f(v) = 206*v**2 - 2394*v - 1133. Give f(12).
-197
Let o(n) = 614967*n + 1844911. Calculate o(-3).
10
Let r(f) = f**2 + 31*f - 32794. Calculate r(167).
272
Let k(x) = -18*x**3 + 2*x**2 + 4270*x - 4271. Give k(1).
-17
Let q(a) = -a**3 + 49*a**2 - 418*a - 330. Determine q(37).
632
Let x(j) = -4*j**2 + 36*j + 1185. Give x(-13).
41
Let w(m) = 14618*m + 335671. Give w(-23).
-543
Let s(v) = 6*v**3 - 13*v**2 + 47*v - 1. Determine s(4).
363
Let d(x) = -x**3 - 3*x**2 - 49*x + 273. Calculate d(6).
-345
Let g(y) = 37229*y - 36745019. What is g(987)?
4
Let q(j) = 426*j + 143168. Give q(-336).
32
Let s(p) = -21*p + 788. What is s(-65)?
2153
Let k(o) = 40*o**2 + 519*o + 864. Calculate k(-11).
-5
Let c(u) = u**2 - 732480*u + 8057164. Determine c(11).
5
Let y(m) = -m**3 - 456*m**2 - 1316*m + 134. Give y(-3).
5
Let x(v) = 159*v - 36056. Give x(227).
37
Let b(i) = -7305*i - 270217. What is b(-37)?
68
Let k(s) = -114*s**3 + 8666*s**2 - 151*s - 96. What is k(76)?
-20
Let g(l) = 16209*l - 1799125. What is g(111)?
74
Let s(m) = -2*m**2 + 6044*m - 18078. Calculate s(3).
36
Let n(v) = 5425*v + 2718